{"id":2,"date":"2008-03-05T16:27:12","date_gmt":"2008-03-05T15:27:12","guid":{"rendered":""},"modified":"2011-12-19T21:56:31","modified_gmt":"2011-12-19T20:56:31","slug":"qui_sommes_nous","status":"publish","type":"page","link":"https:\/\/www.cepiag.ch\/blog\/qui_sommes_nous\/","title":{"rendered":"Qui sommes-nous ?"},"content":{"rendered":"<p>Le CEPIAG est un centre priv\u00e9 de recherche soutenu par la Fondation Jean Piaget. Il prolonge les travaux de corr\u00e9lation entre cybern\u00e9tique et \u00e9pist\u00e9mologie g\u00e9n\u00e9tique entrepris, d\u00e8s la fin des ann\u00e9es 50 et dans les ann\u00e9es 60, par Jean Piaget, Seymour Papert et Guy Cell\u00e9rier au sein du Centre international d&rsquo;\u00e9pist\u00e9mologie g\u00e9n\u00e9tique.<\/p>\n<p>Il a notamment pour but la construction d&rsquo;une th\u00e9orie cybern\u00e9tique de l&rsquo;intelligence, de l&rsquo;affectivit\u00e9, de la motivation et de la volont\u00e9 int\u00e9grant la psychologie g\u00e9n\u00e9tique des conduites, les th\u00e8ses constructivistes et interactionnistes (piag\u00e9tiennes) de l&rsquo;\u00e9pist\u00e9mologie g\u00e9n\u00e9tique et les instruments d&rsquo;analyse et de mod\u00e9lisation offerts par l&rsquo;intelligence artificielle.<\/p>\n<p>Le blog du CEPIAG est l&rsquo;un des instruments que nous nous donnons pour atteindre ce but. Visant \u00e0 favoriser l&rsquo;\u00e9change des id\u00e9es, il est actuellement en phase de d\u00e9veloppement. D\u00e8s que cette phase sera termin\u00e9e, nous l&rsquo;ouvrirons \u00e0 des chercheur-e-s qui, bien que non membres du CEPIAG, partagent ses finalit\u00e9s et se basent sur les faits, les concepts et les th\u00e8ses piag\u00e9tiennes pour d\u00e9velopper leurs propres recherches.<\/p>\n","protected":false},"excerpt":{"rendered":"<p>Le CEPIAG est un centre priv\u00e9 de recherche soutenu par la Fondation Jean Piaget. Il prolonge les travaux de corr\u00e9lation entre cybern\u00e9tique et \u00e9pist\u00e9mologie g\u00e9n\u00e9tique entrepris, d\u00e8s la fin des ann\u00e9es 50 et dans les ann\u00e9es 60, par Jean Piaget, Seymour Papert et Guy Cell\u00e9rier au sein du Centre international d&rsquo;\u00e9pist\u00e9mologie g\u00e9n\u00e9tique. Il a notamment&hellip; <a href=\"https:\/\/www.cepiag.ch\/blog\/qui_sommes_nous\/\" class=\"more-link\">Read more <span class=\"screen-reader-text\">Qui sommes-nous ?<\/span><\/a><\/p>\n","protected":false},"author":16,"featured_media":0,"parent":0,"menu_order":1,"comment_status":"open","ping_status":"closed","template":"","meta":{"footnotes":""},"class_list":["post-2","page","type-page","status-publish","hentry"],"_links":{"self":[{"href":"https:\/\/www.cepiag.ch\/blog\/wp-json\/wp\/v2\/pages\/2","targetHints":{"allow":["GET"]}}],"collection":[{"href":"https:\/\/www.cepiag.ch\/blog\/wp-json\/wp\/v2\/pages"}],"about":[{"href":"https:\/\/www.cepiag.ch\/blog\/wp-json\/wp\/v2\/types\/page"}],"author":[{"embeddable":true,"href":"https:\/\/www.cepiag.ch\/blog\/wp-json\/wp\/v2\/users\/16"}],"replies":[{"embeddable":true,"href":"https:\/\/www.cepiag.ch\/blog\/wp-json\/wp\/v2\/comments?post=2"}],"version-history":[{"count":2,"href":"https:\/\/www.cepiag.ch\/blog\/wp-json\/wp\/v2\/pages\/2\/revisions"}],"predecessor-version":[{"id":1814,"href":"https:\/\/www.cepiag.ch\/blog\/wp-json\/wp\/v2\/pages\/2\/revisions\/1814"}],"wp:attachment":[{"href":"https:\/\/www.cepiag.ch\/blog\/wp-json\/wp\/v2\/media?parent=2"}],"curies":[{"name":"wp","href":"https:\/\/api.w.org\/{rel}","templated":true}]}}